{"id":9756,"date":"2016-01-03T17:38:35","date_gmt":"2016-01-03T17:38:35","guid":{"rendered":"http:\/\/www.sc-brixlegg.at\/cms\/?page_id=9756"},"modified":"2019-01-08T14:01:49","modified_gmt":"2019-01-08T14:01:49","slug":"juniorenkonzept","status":"publish","type":"page","link":"http:\/\/www.sc-brixlegg.at\/cms\/?page_id=9756","title":{"rendered":"Juniorenkonzept"},"content":{"rendered":"<p>In vielen Vereinen wird \u00fcber viele Jahre mehrmals in der Woche mit den J\u00fcngsten trainiert. Meist brechen die &#8222;Nachwuchstalente&#8220; dann mit 16 bis 18 Jahren dem Verein weg, weil das Training eint\u00f6nig war.<\/p>\n<p>Das d\u00fcrfte bei uns nicht das Problem sein. Junioren haben aber oft auch einfach mehr Interessen als nur Ski zu fahren, und es ist auch nicht mehr ganz so spannend, dem regelm\u00e4\u00dfigen Trainingsbetrieb mit den &#8222;kleinen&#8220; Kindern und Sch\u00fclern mitzumachen. Unsere Junioren haben eine extrem gute Basis und fahren deshalb besser als andere Tiefschnee und Gel\u00e4nde. Diese Truppe wollen wir als cooles Team zusammenhalten.<\/p>\n<p>Unsere Junioren sind die<\/p>\n<p><strong><span style=\"color: #ff6600;\">BRI<span style=\"font-size: 20px;\">XL<\/span>EGGER Freerider<\/span><\/strong>.<\/p>\n<p><a href=\"http:\/\/www.sc-brixlegg.at\/cms\/wp-content\/uploads\/2019\/01\/DSCN4882.jpg\"><img loading=\"lazy\" decoding=\"async\" class=\"aligncenter wp-image-15751 size-large\" src=\"http:\/\/www.sc-brixlegg.at\/cms\/wp-content\/uploads\/2019\/01\/DSCN4882-1024x768.jpg\" alt=\"\" width=\"540\" height=\"405\" srcset=\"http:\/\/www.sc-brixlegg.at\/cms\/wp-content\/uploads\/2019\/01\/DSCN4882-1024x768.jpg 1024w, http:\/\/www.sc-brixlegg.at\/cms\/wp-content\/uploads\/2019\/01\/DSCN4882-300x225.jpg 300w, http:\/\/www.sc-brixlegg.at\/cms\/wp-content\/uploads\/2019\/01\/DSCN4882-768x576.jpg 768w, http:\/\/www.sc-brixlegg.at\/cms\/wp-content\/uploads\/2019\/01\/DSCN4882-540x405.jpg 540w\" sizes=\"(max-width: 540px) 100vw, 540px\" \/><\/a><\/p>\n<p>Gemeinsam mit den Jugendlichen haben wir ein Konzept ausgearbeitet, das wir in den n\u00e4chsten Jahren ausprobieren werden.<\/p>\n<p><span style=\"text-decoration: underline;\">Was l\u00e4uft anders als bei den Kindern und Sch\u00fclern:<\/span><\/p>\n<ul>\n<li>Kein regelm\u00e4\u00dfiges Training am Samstag in der Fr\u00fch.\n<ul>\n<li>Das Training ist total auf freiwilliger Basis. Wenn ein Jugendlicher kommt ist er gerne gesehen, aber wenn er ausschlafen will ist das auch ok.<\/li>\n<\/ul>\n<\/li>\n<li>Zwei Mal im Jahr ein Spezialtraining f\u00fcr die Jugendlichen.\n<ul>\n<li>Es wird an den Tagen Tiefschnee gefahren und zwar auf Abfahrten oder zu Zielen, die mit den &#8222;Kleinen&#8220; nicht m\u00f6glich w\u00e4ren<\/li>\n<\/ul>\n<\/li>\n<li>Eigene, eher freestyleorientierte Bekleidungslinie<\/li>\n<li>Falls Freeridefilm l\u00e4uft wird der Eintritt oder die Fahrt bezahlt<\/li>\n<li>&nbsp;<\/li>\n<li>Ausbildung\n<ul>\n<li>Lawinenkurs<\/li>\n<li>Lehrwartkurs wird gew\u00fcnscht und bezahlt<\/li>\n<\/ul>\n<\/li>\n<li>&nbsp;<\/li>\n<li>Eigener Sommerevent &#8211; wahscheinlich abwechselnd\n<ul>\n<li>Area 47<\/li>\n<li>Canyoning<\/li>\n<li>H\u00fctten\u00fcbernachtung in H\u00fctte mit l\u00e4ngerem Zustieg<\/li>\n<li>Klettersteigtour<\/li>\n<\/ul>\n<\/li>\n<li>&nbsp;<\/li>\n<li>Vermehrte Verwendung von neuen Medien\n<ul>\n<li>Eigene FB und Whatsapp Gruppe<\/li>\n<li>In FB werden Fotos ver\u00f6ffentlicht<\/li>\n<li>In Whatsapp Einladung zum Training<\/li>\n<li>Ein paar Mal auch Einladung zum Helfen (Tiefschnee mit den Kleineren)<\/li>\n<\/ul>\n<\/li>\n<li>&nbsp;<\/li>\n<\/ul>\n","protected":false},"excerpt":{"rendered":"<p>In vielen Vereinen wird \u00fcber viele Jahre mehrmals in der Woche mit den J\u00fcngsten trainiert. Meist brechen die &#8222;Nachwuchstalente&#8220; dann mit 16 bis 18 Jahren dem Verein weg, weil das Training eint\u00f6nig war. Das d\u00fcrfte bei uns nicht das Problem sein. Junioren haben aber oft auch einfach mehr Interessen als nur Ski zu fahren, und [&hellip;]<\/p>\n","protected":false},"author":7,"featured_media":0,"parent":0,"menu_order":0,"comment_status":"closed","ping_status":"closed","template":"","meta":{"ngg_post_thumbnail":0,"footnotes":""},"_links":{"self":[{"href":"http:\/\/www.sc-brixlegg.at\/cms\/index.php?rest_route=\/wp\/v2\/pages\/9756"}],"collection":[{"href":"http:\/\/www.sc-brixlegg.at\/cms\/index.php?rest_route=\/wp\/v2\/pages"}],"about":[{"href":"http:\/\/www.sc-brixlegg.at\/cms\/index.php?rest_route=\/wp\/v2\/types\/page"}],"author":[{"embeddable":true,"href":"http:\/\/www.sc-brixlegg.at\/cms\/index.php?rest_route=\/wp\/v2\/users\/7"}],"replies":[{"embeddable":true,"href":"http:\/\/www.sc-brixlegg.at\/cms\/index.php?rest_route=%2Fwp%2Fv2%2Fcomments&post=9756"}],"version-history":[{"count":10,"href":"http:\/\/www.sc-brixlegg.at\/cms\/index.php?rest_route=\/wp\/v2\/pages\/9756\/revisions"}],"predecessor-version":[{"id":15752,"href":"http:\/\/www.sc-brixlegg.at\/cms\/index.php?rest_route=\/wp\/v2\/pages\/9756\/revisions\/15752"}],"wp:attachment":[{"href":"http:\/\/www.sc-brixlegg.at\/cms\/index.php?rest_route=%2Fwp%2Fv2%2Fmedia&parent=9756"}],"curies":[{"name":"wp","href":"https:\/\/api.w.org\/{rel}","templated":true}]}}