{"id":15687,"date":"2019-01-04T14:27:56","date_gmt":"2019-01-04T14:27:56","guid":{"rendered":"http:\/\/www.sc-brixlegg.at\/cms\/?page_id=15687"},"modified":"2019-01-04T17:36:17","modified_gmt":"2019-01-04T17:36:17","slug":"datenschutzerklaerung","status":"publish","type":"page","link":"http:\/\/www.sc-brixlegg.at\/cms\/?page_id=15687","title":{"rendered":"Datenschutzerkl\u00e4rung"},"content":{"rendered":"<h1>Daten auf der Webseite<\/h1>\n<h2>Welche personenbezogenen Daten wir hier auf der Webseite sammeln und warum wir sie sammeln<\/h2>\n<h3>Kommentare<\/h3>\n<p>Wenn Besucher Kommentare auf der Website schreiben, sammeln wir die Daten, die im Kommentar-Formular angezeigt werden. Weitere Daten sammeln wir nicht.<\/p>\n<h3>Medien<\/h3>\n<p>Fotos werden ohne Standortdaten gespeichert. Durch Texte (Ergebnislisten) k\u00f6nnte ein Benutzer der Webseite R\u00fcckschl\u00fcsse ziehen, wer auf einem Foto abgebildet ist. Das l\u00e4sst sich nicht verhindern und Mitglieder des Vereins sind damit einverstanden.<\/p>\n<h3>Analysedienste<\/h3>\n<p>Wir verwenden eine Standard WordPress Installation und haben keine zus\u00e4tzlichen Analysetools installiert.<\/p>\n<h2>Wie lange wir deine Daten speichern<\/h2>\n<p>Wenn du einen Kommentar schreibst, wird dieser inklusive Metadaten zeitlich unbegrenzt gespeichert. Auf diese Art k\u00f6nnen wir Folgekommentare automatisch erkennen und freigeben, anstelle sie in einer Moderations-Warteschlange festzuhalten.<\/p>\n<p>F\u00fcr Benutzer, die sich auf unserer Website registrieren, speichern wir zus\u00e4tzlich die pers\u00f6nlichen Informationen, die sie in ihren Benutzerprofilen angeben. Alle Benutzer k\u00f6nnen jederzeit ihre pers\u00f6nlichen Informationen einsehen, ver\u00e4ndern oder l\u00f6schen (der Benutzername kann nicht ver\u00e4ndert werden). Administratoren der Website k\u00f6nnen diese Informationen ebenfalls einsehen und ver\u00e4ndern.<\/p>\n<h2>Welche Rechte du an deinen Daten hast<\/h2>\n<p>Wenn du ein Konto auf dieser Website besitzt oder Kommentare geschrieben hast, kannst du einen Export deiner personenbezogenen Daten bei uns anfordern, inklusive aller Daten, die du uns mitgeteilt hast. Dar\u00fcber hinaus kannst du die L\u00f6schung aller personenbezogenen Daten, die wir von dir gespeichert haben, anfordern. Dies umfasst nicht die Daten, die wir aufgrund administrativer, rechtlicher oder sicherheitsrelevanter Notwendigkeiten aufbewahren m\u00fcssen.<\/p>\n<h2>Wohin wir deine Daten senden<\/h2>\n<p>Besucher-Kommentare k\u00f6nnten von einem automatisierten Dienst zur Spam-Erkennung untersucht werd<\/p>\n<h2>Mit wem wir deine Daten teilen<\/h2>\n<p>Wir teilen keine Daten \u00fcber die Benutzer dieser Webseite mit irgendwelchen anderen Partnern \/ Organisationen. Wir m\u00fcssen Daten \u00fcber unsere Mitglieder an den Dachverband und an den Landesverband liefern. Wer damit nicht einverstanden ist, darf kein Mitglied unseres Vereins werden, da wir von diesen Verb\u00e4nden abh\u00e4ngig sind und verpflichtet sind die Mitgliederdaten zu liefern (Mitgliederversicherung, Rennversicherung).<\/p>\n<h1>Sonstige Datenschutzpolitik im Verein<\/h1>\n<h2><strong>Information zur Verarbeitung personenbezogener Daten von Teilnehmern an der Veranstaltung&nbsp; <\/strong><\/h2>\n<h3>&nbsp;Information \u00fcber Sportergebnismanagement<\/h3>\n<p>&nbsp;Aufgrund der Einwilligung der betroffenen Person nach Art. 6 Abs. 1 lit. a DSGVO bzw. der Erf\u00fcllung einer vertraglichen bzw. rechtlichen Verpflichtung des Verantwortlichen nach Art. 6 Abs. 1 lit. b und c bzw. f DSGVO werden die personenbezogenen Daten der betroffenen Person, soweit diese f\u00fcr die Leistungs-\/Ergebniserfassung bzw. Ergebnismanagement im Zusammenhang mit der Anmeldung oder Teilnahme an (sportlichen) Veranstaltungen oder Wettk\u00e4mpfen erforderlich sind, verarbeitet und auch nach Art. 17 Abs. 3 in Verbindung mit Art. 89 DSGVO f\u00fcr im \u00f6ffentlichen Interesse liegende Archivzwecke und berechtigte Interessen des Verantwortlichen gespeichert und \u00f6ffentlich zug\u00e4nglich gemacht.&nbsp;<\/p>\n<p>&nbsp;<\/p>\n<p>Information \u00fcber Ton- und Bildaufnahmen Der Teilnehmer nimmt zur Kenntnis, dass bei den Veranstaltungen f\u00fcr journalistische Zwecke gem\u00e4\u00df \u00a7 9 DSG Bild- und Tonaufnahmen hergestellt werden, die in weiterer Folge auch verwertet werden (Fernseh- und Radio\u00fcbertragungen, Foto, Video, Audio etc.). Der Teilnehmer nimmt zur Kenntnis, dass Aufnahmen, die ihn w\u00e4hrend oder im Zusammenhang mit der Veranstaltung darstellen, entsch\u00e4digungslos, ohne zeitliche oder r\u00e4umliche Einschr\u00e4nkung, mittels jedes derzeitigen oder k\u00fcnftigen technischen Verfahrens vom Veranstalter und\/oder anderen Berechtigten (z.B. Fernsehsender) gespeichert, ausgewertet und auch f\u00fcr kommerzielle Zwecke verwertet werden d\u00fcrfen, sofern die Nutzung seine pers\u00f6nlichen Interessen nicht ungeb\u00fchrlich verletzt.<\/p>\n<p>&nbsp;<\/p>\n","protected":false},"excerpt":{"rendered":"<p>Daten auf der Webseite Welche personenbezogenen Daten wir hier auf der Webseite sammeln und warum wir sie sammeln Kommentare Wenn Besucher Kommentare auf der Website schreiben, sammeln wir die Daten, die im Kommentar-Formular angezeigt werden. Weitere Daten sammeln wir nicht. Medien Fotos werden ohne Standortdaten gespeichert. Durch Texte (Ergebnislisten) k\u00f6nnte ein Benutzer der Webseite R\u00fcckschl\u00fcsse [&hellip;]<\/p>\n","protected":false},"author":7,"featured_media":0,"parent":284,"menu_order":0,"comment_status":"closed","ping_status":"closed","template":"","meta":{"ngg_post_thumbnail":0,"footnotes":""},"_links":{"self":[{"href":"http:\/\/www.sc-brixlegg.at\/cms\/index.php?rest_route=\/wp\/v2\/pages\/15687"}],"collection":[{"href":"http:\/\/www.sc-brixlegg.at\/cms\/index.php?rest_route=\/wp\/v2\/pages"}],"about":[{"href":"http:\/\/www.sc-brixlegg.at\/cms\/index.php?rest_route=\/wp\/v2\/types\/page"}],"author":[{"embeddable":true,"href":"http:\/\/www.sc-brixlegg.at\/cms\/index.php?rest_route=\/wp\/v2\/users\/7"}],"replies":[{"embeddable":true,"href":"http:\/\/www.sc-brixlegg.at\/cms\/index.php?rest_route=%2Fwp%2Fv2%2Fcomments&post=15687"}],"version-history":[{"count":3,"href":"http:\/\/www.sc-brixlegg.at\/cms\/index.php?rest_route=\/wp\/v2\/pages\/15687\/revisions"}],"predecessor-version":[{"id":15736,"href":"http:\/\/www.sc-brixlegg.at\/cms\/index.php?rest_route=\/wp\/v2\/pages\/15687\/revisions\/15736"}],"up":[{"embeddable":true,"href":"http:\/\/www.sc-brixlegg.at\/cms\/index.php?rest_route=\/wp\/v2\/pages\/284"}],"wp:attachment":[{"href":"http:\/\/www.sc-brixlegg.at\/cms\/index.php?rest_route=%2Fwp%2Fv2%2Fmedia&parent=15687"}],"curies":[{"name":"wp","href":"https:\/\/api.w.org\/{rel}","templated":true}]}}

Datenschutzerklärung

<h1>Daten auf der Webseite</h1>
<h2>Welche personenbezogenen Daten wir hier auf der Webseite sammeln und warum wir sie sammeln</h2>
<h3>Kommentare</h3>
<p>Wenn Besucher Kommentare auf der Website schreiben, sammeln wir die Daten, die im Kommentar-Formular angezeigt werden. Weitere Daten sammeln wir nicht.</p>
<h3>Medien</h3>
<p>Fotos werden ohne Standortdaten gespeichert. Durch Texte (Ergebnislisten) könnte ein Benutzer der Webseite Rückschlüsse ziehen, wer auf einem Foto abgebildet ist. Das lässt sich nicht verhindern und Mitglieder des Vereins sind damit einverstanden.</p>
<h3>Analysedienste</h3>
<p>Wir verwenden eine Standard WordPress Installation und haben keine zusätzlichen Analysetools installiert.</p>
<h2>Wie lange wir deine Daten speichern</h2>
<p>Wenn du einen Kommentar schreibst, wird dieser inklusive Metadaten zeitlich unbegrenzt gespeichert. Auf diese Art können wir Folgekommentare automatisch erkennen und freigeben, anstelle sie in einer Moderations-Warteschlange festzuhalten.</p>
<p>Für Benutzer, die sich auf unserer Website registrieren, speichern wir zusätzlich die persönlichen Informationen, die sie in ihren Benutzerprofilen angeben. Alle Benutzer können jederzeit ihre persönlichen Informationen einsehen, verändern oder löschen (der Benutzername kann nicht verändert werden). Administratoren der Website können diese Informationen ebenfalls einsehen und verändern.</p>
<h2>Welche Rechte du an deinen Daten hast</h2>
<p>Wenn du ein Konto auf dieser Website besitzt oder Kommentare geschrieben hast, kannst du einen Export deiner personenbezogenen Daten bei uns anfordern, inklusive aller Daten, die du uns mitgeteilt hast. Darüber hinaus kannst du die Löschung aller personenbezogenen Daten, die wir von dir gespeichert haben, anfordern. Dies umfasst nicht die Daten, die wir aufgrund administrativer, rechtlicher oder sicherheitsrelevanter Notwendigkeiten aufbewahren müssen.</p>
<h2>Wohin wir deine Daten senden</h2>
<p>Besucher-Kommentare könnten von einem automatisierten Dienst zur Spam-Erkennung untersucht werd</p>
<h2>Mit wem wir deine Daten teilen</h2>
<p>Wir teilen keine Daten über die Benutzer dieser Webseite mit irgendwelchen anderen Partnern / Organisationen. Wir müssen Daten über unsere Mitglieder an den Dachverband und an den Landesverband liefern. Wer damit nicht einverstanden ist, darf kein Mitglied unseres Vereins werden, da wir von diesen Verbänden abhängig sind und verpflichtet sind die Mitgliederdaten zu liefern (Mitgliederversicherung, Rennversicherung).</p>
<h1>Sonstige Datenschutzpolitik im Verein</h1>
<h2><strong>Information zur Verarbeitung personenbezogener Daten von Teilnehmern an der Veranstaltung&nbsp; </strong></h2>
<h3>&nbsp;Information über Sportergebnismanagement</h3>
<p>&nbsp;Aufgrund der Einwilligung der betroffenen Person nach Art. 6 Abs. 1 lit. a DSGVO bzw. der Erfüllung einer vertraglichen bzw. rechtlichen Verpflichtung des Verantwortlichen nach Art. 6 Abs. 1 lit. b und c bzw. f DSGVO werden die personenbezogenen Daten der betroffenen Person, soweit diese für die Leistungs-/Ergebniserfassung bzw. Ergebnismanagement im Zusammenhang mit der Anmeldung oder Teilnahme an (sportlichen) Veranstaltungen oder Wettkämpfen erforderlich sind, verarbeitet und auch nach Art. 17 Abs. 3 in Verbindung mit Art. 89 DSGVO für im öffentlichen Interesse liegende Archivzwecke und berechtigte Interessen des Verantwortlichen gespeichert und öffentlich zugänglich gemacht.&nbsp;</p>
<p>&nbsp;</p>
<p>Information über Ton- und Bildaufnahmen Der Teilnehmer nimmt zur Kenntnis, dass bei den Veranstaltungen für journalistische Zwecke gemäß § 9 DSG Bild- und Tonaufnahmen hergestellt werden, die in weiterer Folge auch verwertet werden (Fernseh- und Radioübertragungen, Foto, Video, Audio etc.). Der Teilnehmer nimmt zur Kenntnis, dass Aufnahmen, die ihn während oder im Zusammenhang mit der Veranstaltung darstellen, entschädigungslos, ohne zeitliche oder räumliche Einschränkung, mittels jedes derzeitigen oder künftigen technischen Verfahrens vom Veranstalter und/oder anderen Berechtigten (z.B. Fernsehsender) gespeichert, ausgewertet und auch für kommerzielle Zwecke verwertet werden dürfen, sofern die Nutzung seine persönlichen Interessen nicht ungebührlich verletzt.</p>
<p>&nbsp;</p>

<p>Daten auf der Webseite Welche personenbezogenen Daten wir hier auf der Webseite sammeln und warum wir sie sammeln Kommentare Wenn Besucher Kommentare auf der Website schreiben, sammeln wir die Daten, die im Kommentar-Formular angezeigt werden. Weitere Daten sammeln wir nicht. Medien Fotos werden ohne Standortdaten gespeichert. Durch Texte (Ergebnislisten) könnte ein Benutzer der Webseite Rückschlüsse [&hellip;]</p>
